0
Let c(b) = -b**2 + 29*b - 45. Let y(l) = -l**3 + 5*l**2 + 4*l - 5. What is the remainder when y(5) is divided by c(27)?
6
Suppose -2*r + 8 = -2*k, k = -0*r + 3*r - 14. Calculate the remainder when (-44)/(-11) + 5*1 is divided by r.
4
Let u(z) = -z**3 + 5*z**2 - 5*z + 1. Let j be u(4). Suppose -14 + 5 = -b. Calculate the remainder when (-77)/j + (-3)/(-9) is divided by b.
8
Let v = 1 + 1. What is the remainder when 8 is divided by v?
0
Suppose 0 = -2*g + g + 41. What is the remainder when 79 is divided by g?
38
Let j(u) = 29*u**3 - 2*u**2 + 2*u - 1. Suppose -11 = -k + s, 3*k - 41 = -k + s. What is the remainder when j(1) is divided by k?
8
Suppose -5*y = -5*n - 80, -n = 4*y + 3*n - 40. Suppose 5*x - 50 = -0*x. Let b = -3 + x. What is the remainder when y is divided by b?
6
Let n(a) be the second derivative of -a**4/12 + 7*a**3/6 - 2*a**2 - a. Let d be n(6). What is the remainder when 10 is divided by (-2 + d - -5) + 1?
4
Suppose 3*g = -c - 7, 0 = 5*c - 5*g - 16 - 9. Calculate the remainder when 5 is divided by c.
1
Let q(h) = h**3 + 2*h**2 + 2*h + 1. Let k be q(-1). Let y = 11 - k. Let c = 14 - 8. What is the remainder when y is divided by c?
5
Let l = 78 - 19. Calculate the remainder when 233 is divided by l.
56
Let a(h) = -2*h - 20. Let g be a(-10). Calculate the remainder when 2/8*(g + 164) is divided by 11.
8
Suppose 2*l - l = 0, -3*l = -5*o + 260. Let m = 0 - -2. Suppose -o = -2*y - m*y. What is the remainder when y is divided by 5?
3
Let q(s) = 2*s**2 - 1. What is the remainder when q(-5) is divided by 26?
23
Suppose 4*t + 0 = 20. Let j be 6/(-15) - (-32)/t. Suppose 8 = o - j. Calculate the remainder when 27 is divided by o.
13
Suppose 4*x = 81 + 91. Suppose -3*w + 2*u + x = -0, 2*w - 27 = 3*u. Calculate the remainder when 42 is divided by w.
12
Let z = 41 - -33. What is the remainder when z is divided by 20?
14
Suppose -3*x + 7 = -2. Suppose -x*m + m - 6 = 2*i, m + 5 = 0. Suppose 0 = -2*q - 2*v + 50, -i*v = 4*q + v - 95. Calculate the remainder when 38 is divided by q.
18
Suppose 5*r - 52 = 3*i + 45, 5*i = -2*r + 14. Let k be (4/6)/(8/108). Let b(u) = u - 3. What is the remainder when r is divided by b(k)?
5
What is the remainder when 23*(-2)/((-8)/12) is divided by 18?
15
Suppose 70 = 7*a - 140. Calculate the remainder when a is divided by 16.
14
Let n(i) = i**3 + 5*i**2 + 1. Let d be 6*(-1 - 12/(-9)). Suppose x = 2*x + 5*f - 52, -120 = -4*x + d*f. What is the remainder when x is divided by n(-4)?
15
Suppose 5*b + 636 = 4*n - 12, -5*b - 805 = -5*n. Calculate the remainder when n is divided by 40.
37
Suppose -4*k + 5*k + 5*f - 26 = 0, -k + 2*f = 2. Calculate the remainder when (-8)/40 - 304/(-20) is divided by k.
3
Suppose -b - 4*b - 5 = 0. Let z be ((-30)/4)/(b/4). Let l = z - 14. Calculate the remainder when l is divided by 6.
4
Let c = 183 - 115. What is the remainder when c is divided by 18?
14
Suppose -2*j = -6*g + 3*g + 9, 5*g = -2*j + 31. Let l be -1 + 0 - (-3 + -28). What is the remainder when -1 + (-3)/((-9)/l) is divided by g?
4
Let z(j) = -37*j**3 - 2*j**2 - 2*j - 1. Let g be z(-1). Suppose 6*h - 3*h = g. Calculate the remainder when h is divided by ((-42)/(-9))/(2/3).
5
Let b = 142 + -99. What is the remainder when (-1)/((-130)/b - -3) is divided by 11?
10
Let r(x) = x**3 - 8*x**2 - 7*x - 10. Let d be r(9). Suppose -d*o = -4*o - 56. Calculate the remainder when 39 is divided by o.
11
Suppose 0 = -32*n + 23*n + 1980. What is the remainder when n is divided by 28?
24
What is the remainder when (-3)/(-6) - 41/(-2) is divided by 8?
5
Suppose -2*t = -7*t + 50. Suppose -2*a - 6 = 5*f, 4*a + a + 15 = 2*f. Suppose f = 2*k - 21 - 15. What is the remainder when k is divided by t?
8
Suppose -5*v + v = -4. Let p be -1*(-1)/1*0. Suppose 0 = -h + 1 - p. Calculate the remainder when v is divided by h.
0
Let u(c) = -7*c**3 + c**2 - 1. Calculate the remainder when ((-26)/3)/(0 + (-2)/3) is divided by u(-1).
6
Let o be ((-148)/(-10))/(6/(-30)). Let y(p) = -49*p**3 + p**2 - 2*p + 1. Let u be y(1). Let m = u - o. Calculate the remainder when m is divided by 14.
11
Let m = -14 + -7. Calculate the remainder when 19 is divided by (4/(-6))/(2/m).
5
Let r be (-408)/(-7) + (-6)/21. Suppose 3*w = 4*h - 116 - r, 2*h + 2*w = 80. What is the remainder when h is divided by (-134)/(-6) + (-1)/3?
20
Let c(g) = 10*g**2 + 1. Let t(y) = 2*y**2 - 30. What is the remainder when t(-5) is divided by c(1)?
9
Let d(l) = -l**2 + 6*l + 5. Suppose -6*v + v = 260. Let r = -27 - v. What is the remainder when r is divided by d(4)?
12
Let n(h) = -h**3 - 2*h**2 - 3*h + 1. Let r(v) = 8*v**2 + 5*v - 1. Let w be r(-4). Let m = w - 52. What is the remainder when m is divided by n(-3)?
17
Suppose -2*o - 2 + 4 = 0. Let h be 435/(-21) - 6/21. What is the remainder when o is divided by ((-14)/h)/((-2)/(-3))?
0
Suppose -6*h = -h - 145. Let m = -45 + 24. Let s = h - m. What is the remainder when s is divided by 17?
16
Let u(z) = 2*z**2 - z - 3. Let c be u(-5). Let t = -81 - -45. Let y = t + c. What is the remainder when 30 is divided by y?
14
What is the remainder when -5*21/45*-3 is divided by 4?
3
Let k(j) = -j**2 + 5*j + 9. Calculate the remainder when 16 is divided by k(5).
7
Let h = 4 + -1. Suppose 0 = d - h. Calculate the remainder when ((-50)/d)/((-4)/6) is divided by 13.
12
Let x(z) = 2*z**3 - 3*z**2 + z - 5. Calculate the remainder when x(3) is divided by 17.
8
Suppose -24 = -4*q + 2*q. Let p(t) = 3*t**3 + 2*t**2 + t + 1. Suppose -5*j + 7 = -3. What is the remainder when p(j) is divided by q?
11
Suppose -3*r + 2*r + 34 = 0. Suppose 0 = 5*m - 6 - r. Suppose -6*y = -m*y + 22. Calculate the remainder when 21 is divided by y.
10
Let r(y) = y**3 - 2*y**2 - y - 1. Let s be r(3). Let m = s - 2. What is the remainder when 7 is divided by m?
1
Let i = -66 + 121. Calculate the remainder when i is divided by 19.
17
Let m(i) = i**2 + 7*i - 15. What is the remainder when 56 is divided by m(-11)?
27
Let a(f) = f**3 + 3*f**2 - 7*f + 4. What is the remainder when a(4) is divided by 30?
28
Calculate the remainder when 0 + 1/(-1) + 1 + 2 is divided by 2 - (-1 - (-1 + -1)).
0
Let s be -1*(4 + (0 - 7)). Calculate the remainder when (17/s)/((-5)/(-15)) is divided by 10.
7
Let g be 3 - (-1 + 1)/2. Suppose -g*t + 11 - 2 = 0. Suppose -z = -0*z + t*u - 26, 0 = 5*z + 5*u - 80. What is the remainder when 20 is divided by z?
9
Let n be 6/4*(-8)/(-6). Suppose 0 = -g + n*g + 2, 15 = j - 2*g. Calculate the remainder when j is divided by 7.
4
Suppose 127 = 5*j - d - 2*d, -2*j - 2*d + 54 = 0. Let c = 32 - 45. Let z = c + j. What is the remainder when z is divided by 5?
3
Let c(r) = r**2 + 13*r. Let v be c(-9). Let h = -19 - v. What is the remainder when h is divided by 5?
2
Suppose a + 52 = 2*a. Suppose -4*p + 0*p = -a. What is the remainder when p is divided by 4?
1
Let j = 466 - 88. Suppose 0 = 5*b + 2*y - j, 5*b + 0*y = -4*y + 386. Calculate the remainder when b is divided by 15.
14
Suppose -2*f = -16 - 22. Calculate the remainder when 70 is divided by f.
13
Let o be 0/3 + 1 - -23. Let g = o + -14. Calculate the remainder when 29 is divided by g.
9
Suppose 0 = -k - w + 8, 16 = 3*k - 2*w + 3*w. Calculate the remainder when 46 is divided by k/(-10) - 310/(-25).
10
Suppose 30 = 7*b - 5*b. Suppose -b*z + 11*z = -120. Calculate the remainder when z is divided by 8.
6
Suppose -4*z - 2*p = -48, -p + 0*p = -2*z + 24. What is the remainder when 59 is divided by z?
11
Let z(r) = -90*r + 1. Let u be z(-1). Let t = 152 - u. Calculate the remainder when t is divided by 16.
13
Suppose 5*q + 272 = 3*a - 152, -2*q - 713 = -5*a. What is the remainder when a is divided by 29?
27
Let i = -144 - -178. Calculate the remainder when 99 is divided by i.
31
Calculate the remainder when (-438)/9*9/(-2) is divided by 13.
11
Let b be (-66)/8 - 7/(-28). Let t(v) = v**2 + 7*v + 4. Let m = -37 - -70. What is the remainder when m is divided by t(b)?
9
Let o be 597/15 + 1/5. Suppose -3*i - 2*i + o = 0. Calculate the remainder when i is divided by 5.
3
Let b = -28 - -48. Suppose -4*f = -0*f - 232. Calculate the remainder when f is divided by b.
18
Let a(b) = b**3 - 17*b**2 + 32*b - 16. What is the remainder when 38 is divided by a(15)?
10
Let d = -12 + 21. What is the remainder when (-66)/(1 + (-4 - -1)) is divided by d?
6
Suppose 